tens digit of g/9*18/1?
3
Suppose 277 = 4*x + 5*w, -x - 3*w + 70 = -8. What is the units digit of x?
3
Let d(i) = i**3 + 7*i**2 - 10. Let h be d(-7). Let c = 12 + h. What is the units digit of c?
2
Suppose 3*a - 16 = 107. Let t = -17 + a. What is the units digit of t?
4
Let d = -24 - -38. What is the tens digit of d?
1
Let p(b) = -b**2 + 8*b + 9. Let u be p(7). Suppose 3*n = i + 9, -u = -2*i - 2*i - n. What is the units digit of i?
3
Let g(z) be the third derivative of -z**6/120 - z**5/10 + z**4/8 + 7*z**3/6 - 8*z**2. What is the tens digit of g(-7)?
3
Let d(u) = 23*u - 66. What is the hundreds digit of d(10)?
1
Let k(r) = -26*r - 27. What is the units digit of k(-8)?
1
Let b be (3/(-3) + 8)/1. Let h = 11 - b. What is the units digit of (0 + -6)/((-4)/h)?
6
Suppose -2*n - n = -81. Let s be (-2)/(2/(-1)) + 3. Suppose 17 = s*j - n. What is the units digit of j?
1
Let d = -20 - -70. Let n = -24 + d. What is the tens digit of n?
2
Let m be (0/(-3))/(-3) - 37. Let f = -25 - m. What is the units digit of f?
2
Let k(q) = -4*q - 8. What is the units digit of k(-14)?
8
Suppose -i = -2*i + 22. What is the tens digit of i?
2
Let x be 3*-2 + (-6)/6. Let j = -4 - x. Suppose 15 - 60 = -j*y. What is the units digit of y?
5
Suppose -13 + 20 = s. What is the units digit of s?
7
Let o = -6 - -11. Suppose 3*c + 3*h + o = -1, 4*h = -20. What is the units digit of c?
3
Let f be (15/(-3))/(2/14). Let u = f - -64. What is the units digit of u?
9
What is the tens digit of (2 - (-12)/(-8))/(2/332)?
8
What is the tens digit of -8*(1 - 110/4)?
1
Suppose 0*m - 59 = -g - 3*m, g - 62 = -4*m. What is the tens digit of g?
5
Let f(j) = -j**2 - 5*j. Let o be f(-3). Suppose -b = -o*b, 4*x = b + 12. Suppose v = 4*v - x, v = y - 9. What is the tens digit of y?
1
Let q(x) = -16*x**3 - 2*x**2 - 2*x - 1. Let y be q(-1). Suppose -t - 6*d + y = -2*d, 24 = 3*t + 5*d. Let l = 11 - t. What is the units digit of l?
8
Let v(g) be the third derivative of g**5/60 - g**4/8 + 5*g**3/6 + 2*g**2. Suppose 2 = -3*f + 14. What is the units digit of v(f)?
9
Let s(g) = 3*g**2 - 4*g - 2. Let i be s(-3). Suppose -4*a - 64 = -2*j + 22, -a = j - i. Suppose 5*w + 9 = j. What is the units digit of w?
6
Suppose 229 + 26 = 3*p. Suppose -4*j - j + p = 0. What is the units digit of j?
7
Let t(a) be the first derivative of -a - 1/2*a**2 - 2 + 4/3*a**3 + 1/4*a**4. What is the units digit of t(-4)?
3
Suppose -44 = 2*y + 2*y. Let f = -4 - y. What is the units digit of (f/(-4))/(2/(-8))?
7
Let m = 40 + -23. What is the tens digit of m?
1
Suppose 0 = 5*k + 8*h - 4*h - 324, -3*k + 188 = 4*h. What is the units digit of k/6 + 3/(-9)?
1
Suppose -x = -2*x + 85. Suppose -x = -9*u + 4*u. What is the units digit of u?
7
Suppose -6*t + 176 = 2*t. What is the tens digit of t?
2
Let j = 70 + 45. What is the hundreds digit of j?
1
Let i(c) = -c**3 - c**2 + 38. What is the units digit of i(0)?
8
Let z(r) = r**3 - r + 4. What is the units digit of z(0)?
4
Let f be (1 - -3) + 4/(-2). Let d = -1 + 1. Suppose -f*u + 2 = -d*u. What is the units digit of u?
1
Let x(h) = 11*h**3 + 2*h**2 - 1. Let o(m) = m**3 - m**2 - m - 1. Let l be o(2). What is the units digit of x(l)?
2
Suppose 0 = -i + 5*d + 12, -i = 5*d - d + 6. Let u(q) = q + 4. Let g be u(0). Suppose -4*s - i*z + 16 = -7*z, 0 = s + 3*z - g. What is the units digit of s?
4
Suppose 0 = k + 1 - 3. Suppose -i = 4*v - 4*i + 11, k*v + 6 = 2*i. Let r = 4 + v. What is the units digit of r?
2
Suppose 126 = 2*n + 2*m, m + 2*m = -9. Suppose 21*s - 18*s = n. What is the tens digit of s?
2
Let h(u) = -2*u - 1. Let w be h(1). Let p = -7 - w. What is the units digit of 1/(-2) - 30/p?
7
Let k be 1085/28 - 6/8. Let g = -24 + k. What is the tens digit of g?
1
Suppose -2*p + 12 = -4*p. Let h be (-2 - -4)/(p/15). What is the units digit of (0 - 1) + 9 + h?
3
Suppose 0 = 4*d - 172 - 640. What is the tens digit of d?
0
Let i(s) = 15*s**2 - 14*s**2 + 4*s - 7 + 7*s - 5*s. Let l be 62/(-8) + 2/(-8). What is the units digit of i(l)?
9
Suppose 120 = 5*t - 5*z - 70, -3*t + 5*z = -124. What is the units digit of t?
3
Suppose 2*m + 18 = 78. What is the tens digit of m?
3
Let a(i) = 7*i**2 - 2*i + 1. What is the tens digit of a(2)?
2
Let d(w) be the first derivative of w**6/360 + w**5/120 - w**3/3 - 3. Let m(b) be the third derivative of d(b). What is the units digit of m(-2)?
2
Let d(z) = -5 - z - 6*z**2 - 2*z**3 + z**3 - 2*z**2 + 0*z**3. Let i be d(-8). What is the units digit of 1/i + 26/3?
9
Let t = 219 - -16. Suppose -4*n - 15 = -t. Suppose 5*h + 5 = n. What is the tens digit of h?
1
Let r(c) = 2*c**2 + 3. Let n(w) = -5*w**2 - 8. Let q(o) = 4*n(o) + 11*r(o). Let y be q(-1). Suppose y*f + 6 = 6*f. What is the units digit of f?
2
Let z(u) be the first derivative of -u**2/2 - u + 2. Let o be z(-6). Suppose 0 = 3*b + i - 6, 0 = -o*b + 4*i - 8*i + 17. What is the units digit of b?
1
Let x(y) = -y**3 + 7*y + 4. What is the tens digit of x(-4)?
4
Let p(o) = 252*o - 7. What is the units digit of p(1)?
5
Let n(m) = 5*m**3 - 2 - 2*m**3 - 3*m**2 + 3*m + 0 + 0*m**3. Let x be n(2). Let o = 22 - x. What is the units digit of o?
6
Let y be (-20)/(-12) + 2/6. Suppose -k = -0*k - y. Let z = 7 + k. What is the units digit of z?
9
Let b be (-16)/12*(-6)/4. Suppose 0 = b*g - 0*g + 4. What is the units digit of -2 - 4*(g - -1)?
2
Let s be 148/(-16) - 3/4. Let y = s + 14. Suppose j + y = 2*j. What is the units digit of j?
4
Let o(a) = -a**3 + 4*a**2 - 2*a + 2. Suppose 7*c - 3*c = 12. What is the units digit of o(c)?
5
What is the tens digit of 1/(-5*(-4)/1560)?
7
Suppose -5*i = 8*t - 5*t - 87, -3*t + 105 = -i. What is the units digit of t?
4
Let r(n) = 6*n**2 - 2*n - 3. Let g(b) = 7*b**2 - 2*b - 4. Let f(s) = -5*g(s) + 6*r(s). What is the units digit of f(5)?
7
Suppose -29 = -3*w + 43. What is the tens digit of w?
2
Suppose -3*z = -6*z - 6, 0 = -5*s + 4*z - 2. Let m = 2 - s. Suppose -c - 5 = 4*y - 22, 0 = m*y - 8. What is the units digit of c?
9
Let g = 10 + -7. Let z = 5 - g. Suppose -b - 5*l + 15 = -z*b, b - 9 = -l. What is the units digit of b?
5
Suppose 7*h = 2*h. Let r be h*1/(-1 + 3). Suppose r = -3*p + 4*m + 9, -3 = -p - 0*m - 3*m. What is the units digit of p?
3
Suppose -12 - 4 = -4*f. Let u(p) = 2*p - 2*p + 3*p**3 + f*p**3 - p. What is the units digit of u(1)?
6
Let g = -294 + 554. What is the hundreds digit of g?
2
Suppose -15 = -5*s - 4*n, 3*s - 9 = -6*n + 3*n. Let j be 2/(s/3 - 2). What is the units digit of (-1 - j/4)*-14?
7
Let j(k) = -12*k**3 - 2*k**2 - k. Let b be j(-1). Let s = b - -21. Suppose w + 2*w - 33 = 2*r, 0 = -2*w - 2*r + s. What is the units digit of w?
3
Suppose 62 = v - 3*z, z - 49 - 9 = -v. Suppose 101 + v = 5*r. Let g = -21 + r. What is the units digit of g?
1
Let l(x) = -x**2 - 4*x + 7. Let c be l(-5). Let u = c + 5. What is the units digit of u?
7
Let r = -14 - -21. What is the units digit of r?
7
Suppose -4*h + 2*h + 4 = 0. Suppose 2*i + m - h = -0, 3*m = i - 8. What is the units digit of i?
2
Let h(t) = -t**2 + 6*t - 10. Let u be h(4). Let w(g) = -15*g - 2. Let f(p) = 8*p + 1. Let q(z) = 5*f(z) + 3*w(z). What is the units digit of q(u)?
9
Let h(z) = z**3 + 6*z**2 + 4*z. Suppose -3*c - 14 - 1 = 0. What is the units digit of h(c)?
5
What is the tens digit of (2 - 1)/(9/225)?
2
Let w(p) = -6*p**2 - 1 + 7*p**2 + 2*p + 9*p**2. What is the units digit of w(1)?
1
Let g(v) = -v**2 - 22*v + 16. What is the tens digit of g(-21)?
3
Let n(r) = r**3 + r**2 + 2. Let f be n(0). Let b = 1 + f. Suppose b*y + 7 = -2, u - 10 = 2*y. What is the units digit of u?
4
Let c be (9/6)/(6/40). Suppose -140 = -c*k + 5*k. What is the tens digit of k?
2
Let k(a) = 2*a - 1. Let u be k(2). Suppose -2*v + 0*q + 20 = 2*q, 5*v - 40 = -u*q. What is the units digit of v?
5
What is the tens digit of 5032/40 + (-2)/(-10)?
2
Let z = 11 + -7. Let n be 28 + 3 + (0 - -1). Suppose z*k + 2*a = -0*k + n, -2*a = -k + 8. What is the units digit of k?
8
Suppose 2*x + 0*y = -3*y - 51, 5*x - 4*y = -162. Let u = -14 - x. Suppose -2*j + u = h, -2*j + 60 = 4*h + 2*j. What is the units digit of h?
4
Let f be 0/(-3) + 0 + 5. Suppose -4*i + f*i - 45 = 0. What is the units digit of ((-1)/3)/((-3)/i)?
5
Let t = 32 + -22. Suppose m + 19 = -4*k, -5*m + t = -3*k + 2*k. Let z = m + 5. What is the units digit of z?
6
Let u(t) = -t**3 - 4*t**2 + 6*t 